t common factor of 651 and 6231.
93
Calculate the highest common divisor of 198 and 154.
22
Calculate the greatest common divisor of 153 and 255.
51
What is the highest common factor of 88 and 33?
11
What is the highest common factor of 4256 and 14?
14
What is the highest common factor of 6649 and 436?
109
What is the highest common divisor of 99 and 363?
33
What is the greatest common factor of 5313 and 4389?
231
What is the greatest common factor of 663 and 78?
39
Calculate the highest common divisor of 1053 and 39.
39
Calculate the highest common divisor of 164 and 12.
4
What is the greatest common divisor of 133 and 2869?
19
Calculate the greatest common divisor of 15 and 255.
15
Calculate the highest common divisor of 2 and 12004.
2
Calculate the highest common divisor of 527 and 31.
31
Calculate the greatest common factor of 15840 and 18.
18
What is the greatest common factor of 10 and 24?
2
Calculate the greatest common factor of 123 and 2829.
123
Calculate the highest common divisor of 2943 and 27.
27
Calculate the highest common divisor of 7923 and 57.
57
Calculate the greatest common divisor of 55 and 880.
55
Calculate the highest common factor of 2970 and 154.
22
Calculate the greatest common factor of 6760 and 312.
104
What is the highest common factor of 890 and 30?
10
What is the highest common divisor of 12 and 324?
12
What is the greatest common divisor of 53 and 265?
53
Calculate the highest common factor of 330 and 1695.
15
What is the greatest common divisor of 25 and 1175?
25
Calculate the greatest common factor of 2 and 31.
1
Calculate the greatest common divisor of 42 and 156.
6
Calculate the highest common factor of 18 and 3456.
18
Calculate the highest common factor of 2916 and 144.
36
What is the greatest common factor of 15 and 9?
3
What is the greatest common factor of 1464 and 300?
12
What is the highest common divisor of 21 and 1407?
21
What is the highest common factor of 19 and 38?
19
Calculate the highest common divisor of 81 and 765.
9
Calculate the highest common factor of 4825 and 25.
25
What is the highest common factor of 126 and 154?
14
What is the greatest common factor of 231 and 616?
77
Calculate the greatest common factor of 8 and 46.
2
Calculate the highest common factor of 117 and 1261.
13
Calculate the highest common factor of 64 and 24.
8
Calculate the greatest common factor of 54 and 2.
2
Calculate the highest common factor of 55 and 5.
5
What is the greatest common divisor of 152 and 8?
8
Calculate the highest common divisor of 315 and 35.
35
What is the highest common factor of 6909 and 147?
147
What is the greatest common factor of 93 and 496?
31
What is the greatest common divisor of 39 and 1131?
39
Calculate the greatest common factor of 36 and 468.
36
What is the greatest common divisor of 2919 and 15?
3
What is the greatest common factor of 638 and 418?
22
What is the greatest common factor of 310 and 20?
10
Calculate the greatest common divisor of 10 and 30.
10
What is the greatest common factor of 2068 and 132?
44
What is the greatest common divisor of 84 and 266?
14
What is the greatest common factor of 201 and 871?
67
Calculate the greatest common factor of 1218 and 294.
42
What is the highest common factor of 144 and 105?
3
Calculate the greatest common divisor of 49 and 147.
49
What is the highest common factor of 135 and 31995?
135
What is the highest common factor of 238 and 28?
14
What is the greatest common factor of 3 and 24?
3
What is the highest common factor of 20176 and 194?
194
What is the highest common factor of 1144 and 104?
104
What is the greatest common factor of 16238 and 46?
46
What is the highest common divisor of 3596 and 2480?
124
What is the greatest common divisor of 220 and 16?
4
Calculate the highest common divisor of 528 and 165.
33
What is the highest common factor of 33 and 27?
3
What is the greatest common divisor of 75 and 1035?
15
What is the greatest common divisor of 180 and 4128?
12
Calculate the greatest common divisor of 68 and 238.
34
What is the greatest common factor of 261 and 9?
9
What is the greatest common factor of 404 and 4?
4
Calculate the highest common divisor of 184 and 8.
8
Calculate the highest common divisor of 308 and 8448.
44
What is the greatest common divisor of 686 and 11858?
98
Calculate the highest common divisor of 210 and 510.
30
Calculate the highest common factor of 979 and 11.
11
What is the highest common divisor of 432 and 32?
16
What is the greatest common factor of 4 and 1?
1
What is the highest common factor of 244 and 1159?
61
What is the greatest common divisor of 3216 and 336?
48
Calculate the highest common factor of 459 and 34.
17
Calculate the highest common factor of 686 and 14.
14
What is the greatest common divisor of 8165 and 92?
23
What is the highest common divisor of 39 and 4797?
39
What is the greatest common divisor of 48 and 30?
6
What is the greatest common divisor of 119 and 259?
7
Calculate the highest common divisor of 11440 and 80.
80
Calculate the highest common factor of 6453 and 135.
27
What is the highest common factor of 736 and 864?
32
Calculate the highest common divisor of 960 and 15.
15
Calculate the highest common divisor of 8613 and 990.
99
Calculate the highest common factor of 165 and 6105.
165
What is the greatest common factor of 12369 and 3?
3
What is the highest common divisor of 2512 and 8478?
314
Calculate the highest common factor of 102 and 9129.
51
What is the greatest common divisor of 42 and 28?
14
Calculate the highest common divisor of 46 and 69.
23
What is the greatest common factor of 1539 and 5757?
57
What is the highest common divisor of 18 and 486?
18
What is the greatest common factor of 4 and 19?
1
What is the highest common divisor of 7304 and 40?
8
Calculate the highest common divisor of 608 and 32.
32
What is the greatest common divisor of 126 and 36?
18
Calculate the highest common divisor of 156468 and 12.
12
What is the greatest common divisor of 405 and 120?
15
What is the highest common factor of 30 and 40?
10
Calculate the greatest common divisor of 1179 and 655.
131
Calculate the highest common factor of 62 and 5518.
62
What is the greatest common divisor of 133 and 3363?
19
Calculate the highest common divisor of 216 and 5976.
72
What is the highest common divisor of 14 and 98?
14
Calculate the highest common factor of 9233 and 7.
7
Calculate the greatest common factor of 1292 and 68.
68
Calculate the greatest common divisor of 3 and 21.
3
Calculate the greatest common factor of 13051 and 93.
31
What is the greatest common divisor of 105 and 91?
7
Calculate the highest common factor of 635 and 5.
5
What is the highest common divisor of 91 and 35?
7
What is the greatest common factor of 194 and 873?
97
Calculate the greatest common factor of 9 and 5391.
9
Calculate the highest common divisor of 81 and 189.
27
What is the greatest common divisor of 34 and 272?
34
What is the highest common factor of 376 and 1269?
47
Calculate the greatest common factor of 5029 and 47.
47
Calculate the greatest common factor of 6 and 438.
6
Calculate the highest common divisor of 1073 and 407.
37
What is the highest common divisor of 1376 and 774?
86
What is the greatest common divisor of 10769 and 89?
89
What is the greatest common divisor of 4 and 176?
4
Calculate the greatest common divisor of 4387 and 41.
41
Calculate the highest common divisor of 1139 and 134.
67
Calculate the greatest common factor of 19 and 2641.
19
Calculate the highest common divisor of 24 and 4008.
24
Calculate the greatest common factor of 676 and 208.
52
What is the highest common divisor of 598 and 368?
46
What is the highest common divisor of 1950 and 39?
39
Calculate the highest common divisor of 5 and 289.
1
Calculate the highest common divisor of 608 and 95.
19
Calculate the highest common factor of 84 and 5516.
28
What is the greatest common factor of 712 and 32?
8
Calculate the greatest common factor of 91 and 156.
13
Calculate the greatest common factor of 648 and 180.
36
Calculate the highest common factor of 380 and 1292.
76
Calculate the greatest common divisor of 279 and 186.
93
Calculate the greatest common factor of 80 and 200.
40
What is the highest common factor of 4 and 12